{"version":"1.0","provider_name":"Biennal de Fotografia Xavier Miserachs","provider_url":"https:\/\/biennalxmiserachs.org\/es\/","author_name":"business@2mundoweb.com","author_url":"https:\/\/biennalxmiserachs.org\/es\/author\/business2mundoweb-com\/","title":"VI Edici\u00f3n - Biennal de Fotografia Xavier Miserachs","type":"rich","width":600,"height":338,"html":"<blockquote class=\"wp-embedded-content\" data-secret=\"tDcUYR3Emp\"><a href=\"https:\/\/biennalxmiserachs.org\/es\/vi-edicion\/\">VI Edici\u00f3n<\/a><\/blockquote><iframe sandbox=\"allow-scripts\" security=\"restricted\" src=\"https:\/\/biennalxmiserachs.org\/es\/vi-edicion\/embed\/#?secret=tDcUYR3Emp\" width=\"600\" height=\"338\" title=\"\u00abVI Edici\u00f3n\u00bb \u2014 Biennal de Fotografia Xavier Miserachs\" data-secret=\"tDcUYR3Emp\" frameborder=\"0\" marginwidth=\"0\" marginheight=\"0\" scrolling=\"no\" class=\"wp-embedded-content\"><\/iframe><script>\n\/*! This file is auto-generated *\/\n!function(d,l){\"use strict\";l.querySelector&&d.addEventListener&&\"undefined\"!=typeof URL&&(d.wp=d.wp||{},d.wp.receiveEmbedMessage||(d.wp.receiveEmbedMessage=function(e){var t=e.data;if((t||t.secret||t.message||t.value)&&!\/[^a-zA-Z0-9]\/.test(t.secret)){for(var s,r,n,a=l.querySelectorAll('iframe[data-secret=\"'+t.secret+'\"]'),o=l.querySelectorAll('blockquote[data-secret=\"'+t.secret+'\"]'),c=new RegExp(\"^https?:$\",\"i\"),i=0;i<o.length;i++)o[i].style.display=\"none\";for(i=0;i<a.length;i++)s=a[i],e.source===s.contentWindow&&(s.removeAttribute(\"style\"),\"height\"===t.message?(1e3<(r=parseInt(t.value,10))?r=1e3:~~r<200&&(r=200),s.height=r):\"link\"===t.message&&(r=new URL(s.getAttribute(\"src\")),n=new URL(t.value),c.test(n.protocol))&&n.host===r.host&&l.activeElement===s&&(d.top.location.href=t.value))}},d.addEventListener(\"message\",d.wp.receiveEmbedMessage,!1),l.addEventListener(\"DOMContentLoaded\",function(){for(var e,t,s=l.querySelectorAll(\"iframe.wp-embedded-content\"),r=0;r<s.length;r++)(t=(e=s[r]).getAttribute(\"data-secret\"))||(t=Math.random().toString(36).substring(2,12),e.src+=\"#?secret=\"+t,e.setAttribute(\"data-secret\",t)),e.contentWindow.postMessage({message:\"ready\",secret:t},\"*\")},!1)))}(window,document);\n<\/script>\n","description":"2010 VI Edici\u00f3n El protagonismo que ha adquirido la imagen en los \u00faltimos decenios es innegable. Nuestra cotidianidad est\u00e1 rodeada de un alud visual que nos llega de todas partes, con objetivos diversos pero casi siempre destinados a influir sobre nuestros h\u00e1bitos y costumbres. Y sin embargo, todos los profesionales de la fotograf\u00eda saben lo [&hellip;]","thumbnail_url":"https:\/\/biennalxmiserachs.org\/wp-content\/uploads\/2025\/06\/Biennal_101-2010.jpg","thumbnail_width":1950,"thumbnail_height":1295}

VI Edición - Biennal de Fotografia Xavier Miserachs

<blockquote class="wp-embedded-content" data-secret="tDcUYR3Emp"><a href="https://biennalxmiserachs.org/es/vi-edicion/">VI Edición</a></blockquote><iframe sandbox="allow-scripts" security="restricted" src="https://biennalxmiserachs.org/es/vi-edicion/embed/#?secret=tDcUYR3Emp" width="600" height="338" title="«VI Edición» — Biennal de Fotografia Xavier Miserachs" data-secret="tDcUYR3Emp" frameborder="0" marginwidth="0" marginheight="0" scrolling="no" class="wp-embedded-content"></iframe><script>
/*! This file is auto-generated */
!function(d,l){"use strict";l.querySelector&&d.addEventListener&&"undefined"!=typeof URL&&(d.wp=d.wp||{},d.wp.receiveEmbedMessage||(d.wp.receiveEmbedMessage=function(e){var t=e.data;if((t||t.secret||t.message||t.value)&&!/[^a-zA-Z0-9]/.test(t.secret)){for(var s,r,n,a=l.querySelectorAll('iframe[data-secret="'+t.secret+'"]'),o=l.querySelectorAll('blockquote[data-secret="'+t.secret+'"]'),c=new RegExp("^https?:$","i"),i=0;i<o.length;i++)o[i].style.display="none";for(i=0;i<a.length;i++)s=a[i],e.source===s.contentWindow&&(s.removeAttribute("style"),"height"===t.message?(1e3<(r=parseInt(t.value,10))?r=1e3:~~r<200&&(r=200),s.height=r):"link"===t.message&&(r=new URL(s.getAttribute("src")),n=new URL(t.value),c.test(n.protocol))&&n.host===r.host&&l.activeElement===s&&(d.top.location.href=t.value))}},d.addEventListener("message",d.wp.receiveEmbedMessage,!1),l.addEventListener("DOMContentLoaded",function(){for(var e,t,s=l.querySelectorAll("iframe.wp-embedded-content"),r=0;r<s.length;r++)(t=(e=s[r]).getAttribute("data-secret"))||(t=Math.random().toString(36).substring(2,12),e.src+="#?secret="+t,e.setAttribute("data-secret",t)),e.contentWindow.postMessage({message:"ready",secret:t},"*")},!1)))}(window,document);
</script>

2010 VI Edición El protagonismo que ha adquirido la imagen en los últimos decenios es innegable. Nuestra cotidianidad está rodeada de un alud visual que nos llega de todas partes, con objetivos diversos pero casi siempre destinados a influir sobre nuestros hábitos y costumbres. Y sin embargo, todos los profesionales de la fotografía saben lo [&hellip;]
